he highest common divisor of 15 and v.
15
Let u be (-22)/(-5) + (-6)/15. Let s be (-8)/(-10)*(u + 31). Let x(p) = -p**2 + 27*p - 22. Let i be x(26). Calculate the highest common divisor of i and s.
4
Suppose 20*w = 3*w + 204. Let j be ((-15)/9)/5 - (-1084)/w. Suppose 4*d - 16 = 0, -5*k - d - 37 = -141. Calculate the highest common divisor of j and k.
10
Suppose -7*v + 10*v = -233*v + 1241360. Calculate the greatest common factor of 140 and v.
20
Let x = 3362 - 1831. Suppose -2*s + x + 389 = o, 2*s - o = 1920. What is the highest common factor of 20 and s?
20
Let q be (-20)/8*(-12)/10. Let p be -2 + q/((-15)/(-20)). Suppose j - 14 = 2*r, 3*j = 8*j - p*r - 110. Calculate the highest common factor of 24 and j.
24
Let h = 59 + -59. Suppose -4*u = w - 7, -2*w + h*w - 3*u = -4. Let n be (0 - -2)*1 - w*12. Calculate the greatest common divisor of 70 and n.
14
Let c(g) = -7*g - 100. Let o(t) = 13*t + 200. Let d(x) = -5*c(x) - 2*o(x). Let h be d(0). What is the highest common factor of 40 and h?
20
Suppose -c - 449 = -474. What is the greatest common factor of c and 18?
1
Let g(j) = 434*j**2 - 12*j + 16. Let q be g(1). Suppose 12 = -3*m, -5*m + m = -5*t + 46. Calculate the greatest common factor of q and t.
6
Let v(k) = 5*k**2 + 14*k - 479. Let u(q) = -2*q**2 - 2*q - 1. Let o(l) = -2*u(l) - v(l). Let b be o(0). Calculate the highest common divisor of 13 and b.
13
Let m be 141*(16 + -7) - (-6)/(1 + 2). What is the greatest common divisor of 31 and m?
31
Let f = -64 - -69. Suppose 0 = -f*y + y + 368. Suppose 5*d - y = d. What is the highest common factor of 253 and d?
23
Let n = -90 + 88. Let x be 1645/175 + 1/5*n. What is the highest common divisor of x and 243?
9
Suppose -5*v = -10, -4*k + v = -k - 100. Suppose -2*r + 3 = a, -r - 5*a = -0*r - 15. Suppose r = 4*h - 0*h - 68. What is the highest common divisor of h and k?
17
Suppose -t = 5*r - 6, 2*r - t = -0*r + 1. Let k be ((-60)/6 - -4) + (43 - 3). Suppose 0 = -8*m + k + 22. What is the greatest common factor of r and m?
1
Let m be (-16080)/28 + 5/(-7) + 1. Let w be ((-17)/(-2) - 1)/((-7)/m). Calculate the greatest common divisor of w and 15.
15
Suppose 2*y - 4*y = 5*i - 53, -5*y + i + 65 = 0. Let p = -324 - -548. What is the highest common factor of p and y?
14
Let v = 69 + 16. Calculate the highest common divisor of v and 765.
85
Let x(y) = -y**3 - 5*y**2 + 4*y - 9. Let j be x(-6). Suppose 0 = j*k + 9 - 414. Calculate the highest common factor of k and 15.
15
Let j = -110 - -414. Let y = j - 277. What is the greatest common divisor of y and 6?
3
Suppose -51*u + 84 = -37*u. Let q be 20425/75 + (-2)/u. What is the highest common factor of q and 85?
17
Suppose -3*v = -3*u - 2517, -2524 = -27*v + 24*v - 4*u. Suppose 0 = r + 6*r - v. Calculate the greatest common divisor of r and 24.
24
Suppose -3*f + 2*f = -3*f. Suppose -8 + 108 = 5*p - 3*q, p + 3*q - 2 = f. Calculate the highest common divisor of p and 289.
17
Let t(z) = -z**3 - 4*z**2 - 4*z + 2. Let w = -148 - -146. Let l be t(w). Let n be (-1)/(((-15)/78)/5). Calculate the highest common divisor of n and l.
2
Let x be (0 + 2*-14)*(226 + -213). Let c = x + 365. Calculate the highest common divisor of 49 and c.
1
Let p = 3 + 1. Let x be ((-36)/2)/(758/(-1516)). Calculate the highest common divisor of p and x.
4
Let j(b) = 4*b + 78. Let u be j(-14). Let f(h) = -h**2 + 22*h + 4. Let k be f(u). What is the highest common factor of k and 44?
4
Let x(k) = 1. Let q(h) = -h + 32. Let t(s) = q(s) - 4*x(s). Let j be t(-18). Calculate the highest common factor of j and 115.
23
Suppose -5*a = -2*z + 710, 4*z + 42*a = 43*a + 1384. What is the highest common factor of 120 and z?
15
Suppose 0 = -58*z + 4254 - 1296. Suppose 4*r = 315 + 433. Calculate the highest common factor of z and r.
17
Let a(p) = 4*p**2 - 23*p + 106. Let u be a(4). What is the greatest common factor of u and 1911?
39
Let l = 216 + -81. Suppose 3*f - 120 - l = 0. Calculate the highest common divisor of f and 5.
5
Let q = -163 + 359. Let w(i) be the third derivative of -13*i**4/12 + i**3/3 + 19*i**2. Let z be w(-1). What is the highest common factor of q and z?
28
Let u be (-5)/(-15)*(1 - 1) - -4. Suppose u*p = -9*p + 286. Let b be 4/(-12) + (-67)/(-3). Calculate the highest common factor of p and b.
22
Suppose -233*u + 4*j - 7375 = -236*u, 0 = -5*u + j + 12238. Calculate the greatest common divisor of 395 and u.
79
Suppose 0 = 4*f + 4*f - 40. Suppose -9*v + f*v - 3*d + 42 = 0, v - 2 = -5*d. Suppose -98 = -x + 34. What is the highest common factor of v and x?
12
Let o = -21 + 33. Suppose 4*c - 804 = 4*d, -10295*c - 219 = -10296*c + 3*d. Calculate the greatest common factor of o and c.
12
Let w = -84 + 90. Let m be w/1 + 28 + -7. Calculate the highest common factor of m and 513.
27
Suppose -5*r - 183 = -0*f + f, -3*r = 0. Let v = -143 - f. What is the highest common factor of v and 8?
8
Let g = -14252 - -14459. Calculate the highest common divisor of g and 529.
23
Suppose u = -3*g - 109 + 407, -1438 = -5*u - 2*g. What is the highest common divisor of u and 352?
22
Suppose 3*i - 265 = -z + 64, 2*z = 4*i - 422. Let h be i*4/40*405/18. Calculate the greatest common factor of h and 9.
9
Suppose -9*a = 36, 3*a + 72 = -5*h + 7*h. Suppose 4*c + 579 - 1599 = 0. Calculate the highest common divisor of h and c.
15
Let j(f) = f**3 - 12*f**2 + 11*f + 2. Let y be j(11). Let m be 2*-1*y + (-5754)/(-21). Calculate the highest common factor of 6 and m.
6
Let x = -95 - -101. Let z be (48/(-36))/((-8)/x). Calculate the greatest common divisor of 8 and z.
1
Let w be ((18 - -10) + 46)/(4/30). What is the greatest common factor of w and 999?
111
Suppose -4*i = 8, -i - 2 = 3*q - 0*i. Suppose q = -3*y + 18 + 66. Calculate the greatest common factor of 112 and y.
28
Suppose -8*j + 125 = j + 35. Suppose 0 = -2*y + 4*y - 380. Calculate the greatest common factor of y and j.
10
Let t(a) = 447*a**2 - 426*a + 849. Let v be t(2). What is the highest common factor of v and 525?
105
Let l(b) = 1253*b**2 - 209*b - 627. Let x be l(-3). Calculate the highest common factor of x and 63.
63
Suppose 38 = l + 159. Let d be l/(-4) - (-2)/(-8). Let f(g) = 47*g + 1158. Let x be f(-24). Calculate the highest common divisor of d and x.
30
Let r = 394 + -375. Suppose -r*d + 21*d = 4, -4*b - 2*d + 356 = 0. Calculate the highest common divisor of b and 44.
44
Let y(h) = h + 11. Let f be y(0). Let q(g) = g**3 - 11*g**2 - 11*g + 133. Let r be q(f). What is the greatest common factor of r and 84?
12
Let g(s) = -s**2 + 7*s + 4. Let w be g(7). Suppose -3*z + t = -8*z + 49, w*z - 3*t = 43. Calculate the highest common divisor of 70 and z.
10
Let w(k) = -85 + 46 + 28*k - k**2 - 7. Let h be w(14). What is the highest common divisor of h and 60?
30
Suppose -102 = -y - 32. Let a = 38 + y. What is the greatest common divisor of 27 and a?
27
Let q = -2886 + 3967. What is the highest common factor of q and 47?
47
Let g(n) = -21*n - 6 - 5*n + 3*n**2 + 15*n. Let k be g(8). Calculate the highest common divisor of 147 and k.
49
Suppose 80 + 154 = 2*h. Suppose -h = 149*p - 162*p. Calculate the highest common divisor of 69 and p.
3
Suppose -375 = -y - 4*y. Suppose 0 = -3*l + 2*x + 104, -7*x + 11 = 60. Calculate the greatest common divisor of y and l.
15
Let y be (-6)/(-10) + (112833/45 - 3). Suppose 3*u - y = 3*z, 5*u - 9*z - 4154 = -11*z. Calculate the greatest common divisor of 26 and u.
26
Let m(w) = 2*w**2 - 32. Let g be m(-4). Suppose -67*i + 75*i - 96 = g. What is the greatest common factor of i and 5?
1
Let k(a) = -a**2 + 12*a - 11. Let r be k(9). Let h(l) = -7 - l**2 + 8*l - r*l - l. Let u be h(-6). Calculate the greatest common factor of u and 33.
11
Suppose -l + 285 = 5*c, 1491 = -4*l + 9*l + 3*c. Suppose -l = -108*y + 105*y. Calculate the greatest common divisor of y and 20.
20
Let v be (15 - -11 - 25) + 1*3. Calculate the highest common divisor of 29 and v.
1
Let b = -12 - -17. Suppose -6*u = -23 + b. Suppose 2*a - 5 = 3*m + 6, u*a - 64 = -5*m. Calculate the greatest common factor of a and 26.
13
Let o(q) = -q**2 + 154*q - 4631. Let a be o(111). What is the highest common factor of 1562 and a?
142
Let f(m) = 171*m**2 + 10*m + 44. Let n be f(7). What is the highest common factor of n and 57?
57
Let s(h) = -225*h - 125. Let w be s(-4). Let q = 64 + 